{"id":222,"date":"2017-09-29T16:39:06","date_gmt":"2017-09-29T14:39:06","guid":{"rendered":"http:\/\/stephaniegibaud.org\/?page_id=222"},"modified":"2024-01-03T19:57:16","modified_gmt":"2024-01-03T18:57:16","slug":"accueil","status":"publish","type":"page","link":"https:\/\/stephaniegibaud.org\/","title":{"rendered":"Protection &#038; renforcement des entreprises"},"content":{"rendered":"<h1><span style=\"color: #333333;\"><strong><span style=\"font-family: PT Sans Narrow, sans-serif;\"><span style=\"font-size: x-large;\">Un lanceur d\u2019alerte est avant tout quelqu\u2019un qui aime son entreprise et son pays.&nbsp;<\/span><\/span><span style=\"font-family: PT Sans Narrow, sans-serif;\"><span style=\"font-size: x-large;\">D\u00e9terminer comment l\u2019alerte a \u00e9t\u00e9 lanc\u00e9e permet de comprendre les int\u00e9r\u00eats de l\u2019alerteur.<\/span><\/span><\/strong><\/span><\/h1>\n<p><div class=\"video-container\"><span class=\"embed-youtube\" style=\"text-align:center; display: block;\"><iframe class='youtube-player' type='text\/html' width='640' height='390' src='https:\/\/www.youtube.com\/embed\/q1iKzLRdgyc?version=3&#038;rel=1&#038;fs=1&#038;autohide=2&#038;showsearch=0&#038;showinfo=1&#038;iv_load_policy=1&#038;wmode=transparent' allowfullscreen='true' style='border:0;'><\/iframe><\/span><\/div><\/p>\n<p><strong>&nbsp;<\/strong><\/p>\n\n\n<h1>Solutions &amp; Conseil<\/h1>\n\n\n\n<p>Dans cette p\u00e9riode de crise post &#8216;Covid&#8217; et d&#8217;incertitudes nombreuses, savez-vous prot\u00e9ger votre entreprise ? Sauriez-vous reconna\u00eetre un vrai lanceur d&#8217;alerte, qui aime son m\u00e9tier et son entreprise d&#8217;un agent infiltr\u00e9 dont le but ne vise qu&#8217;\u00e0 la d\u00e9truire ?\u00a0Vos collaborateurs int\u00e8gres oseront-ils poser des questions sensibles ? Ont-ils \u00e0 disposition des outils pour lever le doute, poser des questions lorsqu&#8217;ils ont des inqui\u00e9tudes ? Peuvent-ils lancer l&#8217;alerte sans crainte de repr\u00e9sailles ?<\/p>\n\n\n\n<p>J&#8217;interviens dans les<strong>&nbsp;entreprises, salons professionnels, conventions, comit\u00e9s d&#8217;entreprise, \u00e9coles, universit\u00e9s, clubs de management ou de dirigeants d\u2019entreprise<\/strong>&nbsp;autour des th\u00e9matiques abord\u00e9es dans les livres que j&#8217;ai publi\u00e9s &#8220;La femme qui en savait vraiment trop&#8221; et &#8220;La traque des lanceurs d&#8217;alerte&#8221; :&nbsp;<\/p>\n\n\n\n<p>Renforcer l&#8217;\u00e9thique et les valeurs de notre d\u00e9mocratie sont prioritaires \u00e0 mes yeux. Etant la premi\u00e8re lanceuse d&#8217;alerte \u00e0 avoir compris les enjeux de r\u00e9concilier le monde &#8220;Corporate&#8221; et les collaborateurs, j&#8217;explique que le lanceur d&#8217;alerte est le meilleur ami de l&#8217;entreprise pour laquelle il travaille. <\/p>\n\n\n\n<p>M&#8217;inscrivant dans une d\u00e9marche de progr\u00e8s, j&#8217;apporte une solution positive car il est question de prot\u00e9ger nos int\u00e9r\u00eats \u00e9conomiques et de cr\u00e9er de la richesse dans notre pays. Gr\u00e2ce \u00e0 l&#8217;\u00e9thique, nous allons tous gagner en confort de vie, confort d&#8217;esprit, en confort mat\u00e9riel et en cr\u00e9dibilit\u00e9.<\/p>\n\n\n\n<p>A ce titre, j&#8217;ai d\u00e9velopp\u00e9 le concept <em><strong>Renform&#8217;action<\/strong><\/em> :<\/p>\n\n\n\n<h2><em><strong>Renform&#8217;action<\/strong><\/em> =&gt; Renforcer \/ Former \/ Agir :<\/h2>\n\n\n\n<p>Renforcer votre entreprise,<\/p>\n\n\n\n<p>Former vos collaborateurs,<\/p>\n\n\n\n<p>Agir ensemble de mani\u00e8re \u00e9thique<\/p>\n\n\n\n<p><\/p>\n\n\n\n<p>En \u00e9coutant une dizaine de modules d&#8217;information que j&#8217;ai enregistr\u00e9s, les collaborateurs de votre entreprise, quelle que soit leur fonction, pourront tr\u00e8s simplement comprendre les motifs et l&#8217;importance de l&#8217;alerte, comment prot\u00e9ger leur employeur et savoir comment \u00eatre eux-m\u00eames prot\u00e9g\u00e9s en lan\u00e7ant une alerte. Ils seront \u00e9veill\u00e9s en tant que citoyen appartenant tous \u00e0 une communaut\u00e9 professionnelle dont chacun doit en d\u00e9fendre l&#8217;int\u00e9r\u00eat commun.<\/p>\n\n\n\n<p>Ainsi, en \u00e9tant form\u00e9s et inform\u00e9s, les collaborateurs n&#8217;exposeront plus l&#8217;entreprise au pr\u00e9texte qu&#8217;ils ignoraient les mauvaises pratiques et ne pourront sciemment ou maladroitement lancer de fausses alertes.<\/p>\n\n\n\n<p>Cet assemblage des trois outils FORMATION &#8211; INFORMATION &#8211; ACTION d\u00e9crits ci-dessus est tourn\u00e9 vers la protection \u00e9conomique et le renforcement structurel de votre entreprise. Le concept <em><strong>Renform&#8217;action<\/strong><\/em> prot\u00e8ge des &#8216;faux&#8217; lanceurs d&#8217;alerte (Dans le Module VII, je vous explique comment distinguer un lanceur d&#8217;alerte tel que d\u00e9fini dans la Loi Sapin II d&#8217;un agent d&#8217;affaiblissement d&#8217;une entreprise).<\/p>\n\n\n\n<p>Alexandre Boisson, autre partenaire sp\u00e9cialis\u00e9 en s\u00e9curit\u00e9 syst\u00e9mique, peut aider votre entreprise \u00e0 relever les challenges auxquels vous \u00eates confront\u00e9s ; j&#8217;apparais dans les synergies d\u00e9velopp\u00e9es sur le site : <a href=\"https:\/\/www.alexandreboisson.com\">https:\/\/www.alexandreboisson.com<\/a><\/p>\n\n\n\n<p>Par ailleurs, je peux \u00e9galement vous conseiller dans la mise en place des proc\u00e9dures d&#8217;alerte obligatoires pour les entreprises de plus de 50 salari\u00e9s et pour les mairies et collectivit\u00e9s territoriales d\u00e9passant un certain seuil, suite \u00e0 la promulgation de la loi Sapin 2 du 9 d\u00e9cembre 2016 relative \u00e0 la transparence et \u00e0 la lutte contre la corruption mais aussi de la loi Waserman dont les d\u00e9crets d&#8217;application ont \u00e9t\u00e9 publi\u00e9s \u00e0 l&#8217;automne 2022.&nbsp;<\/p>\n\n\n\n<div class=\"wp-block-image\"><figure class=\"aligncenter\"><a href=\"https:\/\/stephaniegibaud.org\/index.php\/contact\/\"><img data-attachment-id=\"309\" data-permalink=\"https:\/\/stephaniegibaud.org\/logo-contact\/\" data-orig-file=\"https:\/\/i0.wp.com\/stephaniegibaud.org\/wp-content\/uploads\/2017\/09\/logo-contact.png?fit=300%2C300&amp;ssl=1\" data-orig-size=\"300,300\" data-comments-opened=\"1\" data-image-meta=\"{&quot;aperture&quot;:&quot;0&quot;,&quot;credit&quot;:&quot;&quot;,&quot;camera&quot;:&quot;&quot;,&quot;caption&quot;:&quot;&quot;,&quot;created_timestamp&quot;:&quot;0&quot;,&quot;copyright&quot;:&quot;&quot;,&quot;focal_length&quot;:&quot;0&quot;,&quot;iso&quot;:&quot;0&quot;,&quot;shutter_speed&quot;:&quot;0&quot;,&quot;title&quot;:&quot;&quot;,&quot;orientation&quot;:&quot;0&quot;}\" data-image-title=\"logo-contact\" data-image-description=\"\" data-medium-file=\"https:\/\/i0.wp.com\/stephaniegibaud.org\/wp-content\/uploads\/2017\/09\/logo-contact.png?fit=300%2C300&amp;ssl=1\" data-large-file=\"https:\/\/i0.wp.com\/stephaniegibaud.org\/wp-content\/uploads\/2017\/09\/logo-contact.png?fit=300%2C300&amp;ssl=1\" loading=\"lazy\" src=\"https:\/\/i0.wp.com\/stephaniegibaud.org\/wp-content\/uploads\/2017\/09\/logo-contact.png?resize=300%2C300&#038;ssl=1\" alt=\"\" class=\"wp-image-309\" srcset=\"https:\/\/i0.wp.com\/stephaniegibaud.org\/wp-content\/uploads\/2017\/09\/logo-contact.png?w=300&amp;ssl=1 300w, https:\/\/i0.wp.com\/stephaniegibaud.org\/wp-content\/uploads\/2017\/09\/logo-contact.png?resize=150%2C150&amp;ssl=1 150w, https:\/\/i0.wp.com\/stephaniegibaud.org\/wp-content\/uploads\/2017\/09\/logo-contact.png?resize=180%2C180&amp;ssl=1 180w, https:\/\/i0.wp.com\/stephaniegibaud.org\/wp-content\/uploads\/2017\/09\/logo-contact.png?resize=160%2C160&amp;ssl=1 160w, https:\/\/i0.wp.com\/stephaniegibaud.org\/wp-content\/uploads\/2017\/09\/logo-contact.png?resize=320%2C320&amp;ssl=1 320w\" sizes=\"(max-width: 300px) 100vw, 300px\" data-recalc-dims=\"1\" \/><\/a><\/figure><\/div>\n","protected":false},"excerpt":{"rendered":"<p>Un lanceur d\u2019alerte est avant tout quelqu\u2019un qui aime son entreprise et son pays.&nbsp;D\u00e9terminer comment l\u2019alerte a \u00e9t\u00e9 lanc\u00e9e permet de comprendre les int\u00e9r\u00eats de l\u2019alerteur. &nbsp; Solutions &amp; Conseil Dans cette p\u00e9riode de&#46;&#46;&#46;<\/p>\n","protected":false},"author":1,"featured_media":0,"parent":0,"menu_order":0,"comment_status":"closed","ping_status":"closed","template":"","meta":[],"_links":{"self":[{"href":"https:\/\/stephaniegibaud.org\/index.php\/wp-json\/wp\/v2\/pages\/222"}],"collection":[{"href":"https:\/\/stephaniegibaud.org\/index.php\/wp-json\/wp\/v2\/pages"}],"about":[{"href":"https:\/\/stephaniegibaud.org\/index.php\/wp-json\/wp\/v2\/types\/page"}],"author":[{"embeddable":true,"href":"https:\/\/stephaniegibaud.org\/index.php\/wp-json\/wp\/v2\/users\/1"}],"replies":[{"embeddable":true,"href":"https:\/\/stephaniegibaud.org\/index.php\/wp-json\/wp\/v2\/comments?post=222"}],"version-history":[{"count":29,"href":"https:\/\/stephaniegibaud.org\/index.php\/wp-json\/wp\/v2\/pages\/222\/revisions"}],"predecessor-version":[{"id":10158,"href":"https:\/\/stephaniegibaud.org\/index.php\/wp-json\/wp\/v2\/pages\/222\/revisions\/10158"}],"wp:attachment":[{"href":"https:\/\/stephaniegibaud.org\/index.php\/wp-json\/wp\/v2\/media?parent=222"}],"curies":[{"name":"wp","href":"https:\/\/api.w.org\/{rel}","templated":true}]}}